 t*i + 3*a - 39 = 0, -2*i + 16 = -2*a. What is the units digit of c(i)?
1
Let w be 9/6*(-22)/(-3). Let c(x) = x + w*x - 3 + 1 - 9 - x**2. What is the tens digit of c(9)?
1
Let q(k) = k**2 + k + 110. What is the tens digit of q(0)?
1
Suppose -2*y = -0*y. Suppose y = -7*q + 4*q + 27. What is the units digit of q?
9
Suppose 55 = 2*g + t, 0 = 3*g + t - 50 - 33. What is the tens digit of g?
2
Suppose s = b + 18, -4*b + 3*s - 41 = 31. What is the units digit of (-4)/b - (-1424)/72?
0
Suppose -12 = -0*s - 4*s. Let o = s - 1. What is the units digit of o?
2
Let n = 95 + -32. What is the units digit of (-44)/(-14) - 9/n?
3
Let y = 182 - 34. What is the hundreds digit of y?
1
Let h be 27/(-21) + (-6)/(-21). Let a = h - -3. What is the units digit of a?
2
Let b = -6 - -8. Suppose -p = 3*p + 4*a - 12, -b*a = -p + 12. What is the units digit of p?
6
Suppose -5*c - 5*s + 145 = 0, -42 + 132 = 3*c + 2*s. What is the tens digit of c?
3
What is the units digit of 1 + 502/7 - 18/(-63)?
3
Let i = -5 + 5. Let j be 5 - 3/(3*-1). Suppose i = 4*f + 2*p - 38, -p + j*p = 3*f + 4. What is the units digit of f?
7
Suppose 0*z - 4 = -4*z. Suppose x + 1 = -5*i, x + 0*i + i + z = 0. What is the units digit of -1 - x - (0 - 2)?
2
Let u(n) = -n**3 + 2*n**2 - 5*n - 2. Let l = 5 + -8. Let k be u(l). What is the units digit of k/7 - (-2)/(-7)?
8
Let r(p) = -2*p**3 + p**2 + 3*p + 3. Suppose -5*y = 5*f + 35, -3*y + f - 1 + 0 = 0. What is the tens digit of r(y)?
1
Suppose 0 = -2*y + 5*f + 32, 0*f = -4*y + f + 28. Let d = 22 - y. What is the units digit of d?
6
Let f be 1*62 - (-3 + 5). What is the units digit of f/35 - (-4)/14?
2
Let b(q) = 9*q**3 + q**2 - q + 1. Let c be b(1). Let m(x) = -x**3 + 9*x**2 + 12*x - 15. What is the units digit of m(c)?
5
Suppose -2*t + 9 + 2 = -5*p, 5*p + 20 = 5*t. Let o = 4 - p. What is the units digit of o?
5
Let k(j) = -j**2 + 5*j + 3. Suppose -6 = -2*m + 3*m. Let b(g) = -g**2 - 6*g + 4. Let x be b(m). What is the units digit of k(x)?
7
Let h = 18 - 10. Suppose h*v - 3*a + 22 = 4*v, -5*a - 10 = 5*v. What is the units digit of (v/(-2))/2*1?
1
Let v be (-184)/(-44) + 4/(-22). Suppose -v*i - 8 = 0, 0*i + 48 = 4*h - 2*i. Suppose -3*q + h + 31 = 0. What is the units digit of q?
4
Let d = -4 - -4. Let b = d - -2. What is the units digit of b?
2
Let g(o) = o**3 + 16*o**2 + 15*o + 5. What is the units digit of g(-15)?
5
Let z(w) = -4*w + 38. What is the units digit of z(-8)?
0
Let q(a) = 4*a**3 + 3*a**3 - 1 - 2*a + 2. Let n = -3 + 4. What is the units digit of q(n)?
6
Let s be (-2 - (-12)/9)*-36. Suppose 2*b - 36 = 2*k, k = -5*b + 4*b + s. Let v = b - 5. What is the units digit of v?
6
Suppose -2*j + 4 = 0, -l - 12 = -2*l - 4*j. Suppose 4*x + 16 = 8*x, -m + l*x = 25. What is the units digit of -3*(6/m + -2)?
8
Let f(w) = -w**3 - 10*w**2 - 10*w + 5. What is the units digit of f(-9)?
4
Let s(v) = v - 2. Let o be s(2). Suppose -3*b - b + 44 = o. Suppose 3*h + 2*z = b, -5*z - 55 = -5*h - z. What is the units digit of h?
7
Let v(t) = -t**2 + 6*t + 10. Let z = 15 + -11. Let y be 30/z - (-3)/(-6). What is the units digit of v(y)?
3
Let l(u) be the second derivative of 2*u + 0 + 2*u**2 + 1/6*u**3. What is the units digit of l(-3)?
1
Suppose 6*g + 44 = 194. What is the tens digit of g?
2
Suppose -3*j = -8*j + 15. Suppose 5*q = y - j, 4*y - 1 = -4*q + 11. Suppose 2*t - y*t = -9. What is the units digit of t?
9
What is the units digit of 5/(50/(-695))*2*-1?
9
Suppose -3*j + 2*y = -379, -y = -3*j - 3*y + 395. What is the units digit of j?
9
Suppose -15 = -5*x, 132 = 2*c + x - 451. What is the tens digit of c?
9
Let j = -104 + 313. What is the tens digit of j?
0
Suppose -4*k - 6 = -18. Let p(w) = 2*w**2 - 3*w - 3. Let u be p(3). Suppose -k*n + 9 = -u. What is the units digit of n?
5
Suppose 0 = 4*c - 7*c + 240. What is the units digit of c?
0
Let v(y) = -y**3 + 13*y**2 - 9*y + 18. What is the units digit of v(6)?
6
Suppose 3*v - 5*v = 2*p + 6, -p - 2*v = 4. Let a(u) = 4*u - 3 - 47*u**3 - 2*u**2 + 46*u**3 - 8*u. What is the units digit of a(p)?
5
Let w = 22 + -11. Suppose 2*v - s = w, 13 = -4*v - 4*s - s. What is the units digit of v?
3
Let r(x) be the first derivative of x**5/120 + x**4/8 + 2*x**3/3 + 2. Let v(t) be the third derivative of r(t). What is the units digit of v(3)?
6
Let u(f) = -2*f + 2. Let h be u(5). Let c = h + 11. Let l = 5 - c. What is the units digit of l?
2
Let x(w) = 0 + w**2 + 3*w - 2*w + 3. Let i(g) = 2*g + 7. Let b be i(-5). What is the units digit of x(b)?
9
Suppose -y = -q - 7, 2*y = -0*y - q + 2. What is the tens digit of 17 + (y - (8 - 3))?
1
Suppose -2*p + 6*p = -4*b, 3 = -b. Suppose -g - p*g + 128 = 0. Suppose 0 = -0*h + 2*h - g. What is the tens digit of h?
1
Let a be (-1)/(-5) - (-4)/(-20). Let x = a - -5. What is the units digit of x?
5
Suppose 2*b = -2*b + 12. Suppose 3*u = 3*z + 5*u - 135, -3*z + b*u = -135. What is the units digit of z?
5
Suppose -132 - 758 = -5*p. What is the tens digit of p?
7
Let n be (28/(-3))/((-12)/54). Let m = -21 + n. What is the tens digit of m?
2
Let f(r) = 0 - 6*r + 4*r + 4 + r**2 + 6*r. What is the tens digit of f(-7)?
2
Suppose 5*h - 4*p + p = 1445, 4*h - 1134 = -2*p. What is the hundreds digit of h?
2
Let z = 192 - 124. What is the units digit of z?
8
Suppose -w + 2*x + 7 = -8, 0 = -w - x. What is the units digit of (-1 - w*-2)/1?
9
Let k = -5 + 11. Let h(p) = p**3 - 5*p**2 - 6*p + 1. Let d be h(k). Suppose 4*r + 5*g - 21 = -d, 0 = 2*r + g - 10. What is the units digit of r?
5
Suppose -m + o + 8 = 0, -3 + 11 = -4*m - 4*o. Suppose r - m*r = -24. What is the units digit of r?
2
Let j = 13 + -10. Suppose 0 = -j*a - 27 + 114. What is the tens digit of a?
2
Let j(t) = -t**3 + 10*t**2 - 11*t + 2. What is the tens digit of j(6)?
8
Let a = 2 + -4. Let n be (-2)/(-8) - (-23)/4. What is the units digit of a/3 - (-28)/n?
4
Suppose 9 = -3*n + 27. Let i(v) = -v**2 + 2*v - 1. Let w(l) = -l**2 + l - 1. Let m(c) = -5*i(c) + 4*w(c). What is the units digit of m(n)?
1
Let q be 371/(-42) + (-1)/6. What is the tens digit of (-191)/(-9) + 2/q?
2
Let t(o) be the second derivative of -o**5/20 - 7*o**4/12 - o**3/6 - o**2/2 + 4*o. What is the units digit of t(-7)?
6
Suppose 0 = 4*t + 20, i + 0*i - 2*t = 7. Let r = i + 14. What is the tens digit of r?
1
Suppose -j - 6*j + 581 = 0. What is the tens digit of j?
8
Suppose 0 = -2*g - 2*g + 20. Suppose 2 = y - q, y - 3*y = -q - g. What is the units digit of y?
3
Let o(a) = a**2 + 6*a - 3. What is the units digit of o(-11)?
2
Suppose -4*c - c = 45. What is the tens digit of 3/c - 120/(-9)?
1
Suppose -5*t = -o - 5, o + 4 = -3*t + 15. Let d(l) = -l + 6. Let v be d(4). Let z = v + o. What is the units digit of z?
7
Suppose -2 = -3*x + 2*x. What is the units digit of (-30)/(-9)*(x + 1)?
0
Let k(r) = r**2 + 6*r - 6. Let y be k(-8). What is the units digit of 5/(y/12) + 0?
6
Let a = -8 + 6. Let g be (4 + a)*33/6. Suppose -5*u + 12 = -k - 2*k, -5*u + g = -4*k. What is the units digit of k?
1
Let p(r) = -3*r - 4. Suppose 2*j + 3*j = 20. Let y be p(j). Let o = y + 26. What is the units digit of o?
0
Suppose -4*u + 2*u + 62 = 0. Suppose 2*a + 0*a = 3*d + u, -2*d = 4*a - 6. What is the units digit of d*1*(-2 + 1)?
7
What is the tens digit of (4/(-8))/((-3)/252)?
4
Let d be 6 - 3 - (-3 + 2). Suppose -5*k - 9 = q, 0 = 3*q + d*k + 2 - 8. What is the units digit of q?
6
Suppose -7*g + 151 = -59. What is the tens digit of g?
3
Let k = -207 + 293. What is the units digit of k?
6
Let q(o) = o**2 - 3*o - 6. Let i be q(5). What is the tens digit of i/16 - (-166)/8?
2
Let v(m) = m**3 + 5*m**2 - m - 7. What is the units digit of v(-4)?
3
Suppose 6 = 2*z - 30. Suppose -4*y + 14 - 1 = 3*h, -5*h + z = 3*y. What is the tens digit of 2/(-1) + h + 12?
1
Suppose -17 = -m - 3*z, -5*m + z - 15 = -4*z. Suppose -3*u + 6*u = 3. Suppose u - 3 = -m*j. What is the units digit of j?
1
Suppose 0 = 3*b - 2 - 7. What is the units digit of b/9*3 - -8?
9
Let a(c) = c**3 + 2*c**2 + c + 3. What is the units digit of a(0)?
3
Let t(m) = -34*m + 19. What is the tens digit of t(-3)?
2
Let k(r) = 9*r**3 - 2*r**2 + r. What is the units digit of k(1)?
8
Let r = -12 + 14. Suppose -r*p = -5*q + 62 + 58, -3*q + 2*p + 76 = 0. What is the tens digit of q?
2
Let g be 2/(-4)*-2*-2. What is the units digit of (-37)/(-7) - g/(-7)?
5
Suppose 